(v)?
3, 7
List the prime factors of ((-21)/(-3))/(-9 + 61680/6852).
7, 571
Suppose -29*m = -28*m + 48. Let v = 260 + m. List the prime factors of v.
2, 53
Let q(n) = n**3 - 8*n**2 - 9*n - 2. Let p be q(9). Let m be (-1 + 1)/(p + -1). Suppose -z - z + 52 = m. List the prime factors of z.
2, 13
Let w = 6 + -3. Suppose -t - w*z = -27, -11 = -5*z + 4. Suppose 0 = -3*l + 3*h + t, -4*l + h + 4*h + 28 = 0. List the prime factors of l.
2
Suppose 0 = 35*g - 37*g + 280. What are the prime factors of g?
2, 5, 7
Suppose 5*p - 69 + 16 = -4*m, 0 = -4*p + 5*m + 67. Let b = 5 - 0. Let n = p - b. List the prime factors of n.
2
Let w be -52*(7/2 + -3). Let b = w - -36. List the prime factors of (15/b)/(3/14).
7
Suppose 3*n - 2 = -8. Let f be 1/n*490/(-5). Suppose 4*h - f = 83. List the prime factors of h.
3, 11
Let u be (-21)/(-15) + 9/15. Suppose 0 = -6*f + u*f + 48. What are the prime factors of f?
2, 3
Let r = 526 + -417. List the prime factors of r.
109
Let b be (12 - 9)*(-7)/(-3). List the prime factors of (b/(-14))/((-2)/116).
29
Let r(m) = -m**3 - 2*m**2 - 4*m - 3. Let g be r(-2). Suppose -4*i + g - 1 = 0. List the prime factors of (i - 7)/(2/(-10)).
2, 3, 5
Let j(c) = -2*c**3 - 62*c**2 + 7*c - 56. What are the prime factors of j(-33)?
13, 313
Let j = 519 + -189. Let n = j + -170. Suppose -3*t = 2*t - n. What are the prime factors of t?
2
Suppose 3*v - k - 55 = 0, -v + 4*k + 19 = -3. Let d = v - 3. List the prime factors of d.
3, 5
Let x(c) = -c + 9. Let d be x(6). What are the prime factors of (-1 + -2)/d + 134?
7, 19
List the prime factors of 237/(-79)*(-1687)/3.
7, 241
Let k be (-7)/(14/8) - 0. List the prime factors of 50 + 0/k - -2.
2, 13
Let w(x) be the first derivative of -x**4/4 - x**2/2 + 4*x + 5. Let g be w(0). Suppose -g*s + 2 = 6, 4*t = 4*s + 156. List the prime factors of t.
2, 19
Suppose 4*g + 31 = -o, -g + 2 = 4*o + 21. What are the prime factors of (g - -5)/(-2 + (-513)/(-258))?
2, 43
Let a(h) = 15*h**3 - 5*h**2 + 6*h - 30. List the prime factors of a(5).
2, 5, 7
Suppose 0 = -0*b - b + 480. List the prime factors of b.
2, 3, 5
Let s = 749 - -662. List the prime factors of s.
17, 83
List the prime factors of -5 + -18*(-623)/14.
2, 199
Suppose -12*d - x = -13*d + 153, x = -4*d + 617. What are the prime factors of d?
2, 7, 11
Suppose -3*n + 6 = -0. Suppose 71 = n*b - 213. List the prime factors of b.
2, 71
Let d(x) = -x**3 - 3*x**2 - 3*x + 8. What are the prime factors of d(-5)?
73
Suppose 4*r + 5*h - 2629 = 0, 658 = 2*r - r + h. What are the prime factors of r?
661
Suppose -c + 2 = -w - 1, 0 = c - 4*w + 12. Let i be c/20*5 - -3. Suppose i*g - 108 = -g. What are the prime factors of g?
2, 3
Let s(c) = -14*c - 1. Let r(f) = -f + 11. Let x(k) = k**3 + 6*k**2 + 4*k - 3. Let m be x(-4). Let z be r(m). List the prime factors of s(z).
3
Let t = -172 - -48. Suppose 32*f = 22*f + 1860. Let r = t + f. What are the prime factors of r?
2, 31
Let f(z) be the third derivative of -z**6/60 + z**5/6 + 5*z**4/24 + 7*z**3/6 - 36*z**2. What are the prime factors of f(5)?
2
Suppose 8*o - 5*o = -2*q + 1736, 868 = q + 5*o. List the prime factors of q.
2, 7, 31
Let j be (-1)/(1*(-2)/6). Let i be 9*5/15 - -10. Suppose 2*r - j*s - i = 0, 0 = 4*r - r - 4*s - 18. List the prime factors of r.
2
Suppose -4*c = -q - 508, 0*q + 16 = 4*q. List the prime factors of c.
2
Suppose 0 = 83*y - 59*y - 6816. What are the prime factors of y?
2, 71
Let l(m) = -97*m - 112. What are the prime factors of l(-4)?
2, 3, 23
Let d be 966/28*((-16)/3 - -2). Let n = d - -161. List the prime factors of n.
2, 23
Let k = 34 - 30. Suppose -k*l = -3 - 5. Suppose 3*a = r - 9, -l*r - 2*a - 18 = -4*r. List the prime factors of r.
3
Let y = -3196 + 4758. What are the prime factors of y?
2, 11, 71
Suppose -3*r + 181 = 5*j - 208, -695 = -5*r + j. List the prime factors of r.
2, 3, 23
Let b(d) = 14*d**2 - d + 2. Let v be 1*(-2 + -1) + 4. What are the prime factors of b(v)?
3, 5
Let d(t) = t**2 - 8*t - 9. Let z be d(9). Suppose f + z - 2 = 0. Suppose 0 = 3*n - 3*h - 51, 2*n = n + f*h + 22. List the prime factors of n.
2, 3
Let i = -10 + 8. Let k(v) = 6*v**2 + 2. Let a be k(i). List the prime factors of 1/(-2) - (-65)/a.
2
Suppose 0 = 7*q - 9372 - 3907. What are the prime factors of q?
7, 271
Let q = 30 - 30. Suppose q = 2*v - 9 - 37. What are the prime factors of v?
23
Let m = -10 + 18. Suppose 5*q = m + 2. Suppose -4*y + 4*b + 132 = 0, -3*y - q*b = -71 - 43. What are the prime factors of y?
2, 3
Suppose 29*x - 191898 = -34*x. What are the prime factors of x?
2, 1523
What are the prime factors of ((-60)/100)/((-2)/590)?
3, 59
Let k = 62 + -60. Suppose -k*t = 8 - 54. List the prime factors of t.
23
Let k(r) = -r. Let o be k(-8). Suppose 4*h - 5*s - o = 5*h, h - 5*s + 28 = 0. Let g = h - -34. List the prime factors of g.
2
Let f = -393 + 584. What are the prime factors of f?
191
Suppose 0 = 4*i + 151 - 23. Let g = -26 - i. List the prime factors of g.
2, 3
Let q(v) = 6*v**2 + 3*v + 3. Let t be q(-2). Suppose 4*a = -2*d + 192, -a + 3*d + 41 = -t. List the prime factors of a.
2, 5
Let o(p) = -p**3 + 9*p**2 + 2*p - 4. Let u be o(7). Suppose -4*w = 5*w - u. What are the prime factors of w?
2, 3
Let k(y) = -y**3 + 10*y**2 + 13*y - 20. Suppose 0 = -3*r + 3*s + 21, r + 3*r - 28 = 2*s. List the prime factors of k(r).
2, 109
Suppose 799*r = 808*r - 21204. List the prime factors of r.
2, 19, 31
Let r = -374 - -1683. What are the prime factors of r?
7, 11, 17
Let f(j) = -j + 4. Let i be f(0). Suppose 0 = -5*x - 5*n - 5, 0 = 33*n - 34*n - 3. Suppose -x*b + 46 = i*k, k = 3*b - 0*b + 8. What are the prime factors of k?
11
Let b = 36 - 27. What are the prime factors of 65 + (3 - (b + -3))?
2, 31
Let l(b) = -b**3 + 18*b**2 + b + 29. Let q = -1 + 19. List the prime factors of l(q).
47
Let v = -2 + 2. Suppose u - g - 47 = v, 3*u - 5*g - 149 = -10*g. Suppose -2*r + u = -5*d, d + 2*d - 182 = -5*r. List the prime factors of r.
2, 17
Let w be (-55)/6 - 4/(-24). Let y be (-2)/w*-6*-6. What are the prime factors of ((-7)/2)/(y/(-16))?
7
Let l(k) = -k**3 + 9*k**2 + 2*k - 13. Let x be l(9). Suppose -x*c - 85 + 415 = 0. What are the prime factors of c?
2, 3, 11
Let h = -1785 + 4316. What are the prime factors of h?
2531
Let x = 653 + -190. What are the prime factors of x?
463
Suppose -15*w + 15750 = 27*w. List the prime factors of w.
3, 5
Suppose 0 = i - 7 + 2. Suppose i*l = 231 + 99. List the prime factors of l.
2, 3, 11
Suppose 7*n = n + 24. Suppose f = u + u + 47, -u - 195 = -n*f. What are the prime factors of f?
7
Let h(u) = 60*u**2 - 30*u + 18. What are the prime factors of h(-4)?
2, 3, 61
Suppose 195 = 3*p - 36. Let j = p + -34. List the prime factors of j.
43
Suppose 9*x + 374 = 11*x. Let s = 141 + -84. Suppose s = 4*w - x. What are the prime factors of w?
61
Let w = 3227 - 1813. List the prime factors of w.
2, 7, 101
Let g(y) = y**2 + 49. Let q be 2/4*(1 - 1). Let b be g(q). Suppose 2*i - b = 5*m, -42 = -2*i - 5*m + 3*m. List the prime factors of i.
2, 11
Let s = 158 - 136. List the prime factors of s.
2, 11
Suppose 0*i - 2*i + 10 = 0. Suppose -i*v + 229 - 49 = 0. List the prime factors of v.
2, 3
Suppose 4*k = -k + 1840. What are the prime factors of k?
2, 23
Suppose 2*q = -10 - 0. Let u = q - -10. Suppose 246 - 81 = u*r. List the prime factors of r.
3, 11
Let d = -19 - -8. Let n = -12 - d. Let x = 6 - n. What are the prime factors of x?
7
Suppose 0 = -4*a - 51 - 1. Let c = 2 - a. Let w = c + 11. What are the prime factors of w?
2, 13
Let s = -6 + 13. Let p = s - 16. Let y(g) = -2*g + 7. List the prime factors of y(p).
5
Let o(c) = 5*c**2 - 64*c + 25. What are the prime factors of o(21)?
2, 443
Let m(v) = 44*v**2 - 4*v - 4. Suppose -3*h + 4 = 5*a, 5*h - 2*a - 3*a = -20. What are the prime factors of m(h)?
2, 3, 5
Let w(d) = -d**2 - 37*d + 20. List the prime factors of w(-29).
2, 3, 7
Suppose -5*u = -r - 1977, -2*r = u - 566 + 164. What are the prime factors of u?
2, 3, 11
Suppose 4*g + 5 = 25. Suppose 50 = g*y - 85. List the prime factors of y.
3
Let u be (12 - 3)/3 + (-21)/(-1). Suppose -2*s - 3*v = 2*v - u, 48 = 4*s - 2*v. What are the prime factors of s?
2, 3
Suppose 5*i = -2*y + 26, 0 = -3*y - 3 - 3. Suppose i*j - 4*j + 5*u - 135 = 0, 3*j - 260 = 4*u. What are the prime factors of j?
2, 5
Let l = 8 + -12. Let t be l